i) = -88*i + 3. Let n be o(-1). Let r = 296 - n. Is r prime?
False
Is ((-3)/9)/((-3)/4491) composite?
False
Is -44 - -6446 - (0 - -1) a prime number?
False
Suppose -77791 = -358*j + 351*j. Is j a prime number?
True
Suppose -23*f = -24*f - 3. Is (-29 + (-9)/f)/(10/(-295)) prime?
False
Is ((-1766)/(-4))/((-2)/(-4)) a composite number?
False
Let i = 198 - -3. Is i a composite number?
True
Suppose -5*t - 4*y = -20553, 12*t + 4*y = 11*t + 4117. Is t prime?
False
Let o(n) = 19*n**3 + n**2 - 2*n + 5. Let r be o(4). Suppose 0 = -0*a - a + r. Is a a prime number?
True
Let j(k) = -74*k + 31. Let c be j(-13). Let o = c + -574. Is o a prime number?
True
Let t(q) = -17*q - 1. Let y be t(-4). Let x(n) = 12*n**3 - 2*n - 2*n**2 + n**2 - y*n**3 - 16*n**3 - 1. Is x(-1) prime?
True
Let a = -4 + 7. Suppose -a*c - t + 3 - 4 = 0, -5*c - 3*t + 1 = 0. Is (87/(-3))/(c/2) a prime number?
False
Let m(y) = 5*y**2 - 13*y - 31. Let c be m(13). Suppose 5*q - 5*b = -0*q + 610, -5*q - 2*b + c = 0. Is q composite?
False
Let l(z) = z**3 + 6*z**2 - 8*z - 3. Let f be l(-7). Suppose 0*k = -f*k + 584. Let s = k + -77. Is s a composite number?
True
Suppose 8*y - 5*y - 27 = 0. Suppose y*g - 11*g = 16. Let c(t) = -3*t - 10. Is c(g) prime?
False
Let c = 42 + -62. Let t be c*(15/(-12) - 2). Suppose q = t - 6. Is q a composite number?
False
Let a = -7 - -11. Suppose -19 + 7 = -a*u. Suppose u*q = 193 - 28. Is q composite?
True
Let q(w) = -102*w - 4. Let u be q(-5). Suppose 2*z + u = 4*z. Is z composite?
True
Suppose -4*b + 5240 = -2*c - 41872, 2*b = -4*c + 23546. Is b a composite number?
False
Let l = -2742 - -4891. Is l a composite number?
True
Suppose 12485 = 9*k - 13552. Is k a prime number?
False
Let w = 3938 - 2220. Is w a prime number?
False
Let t = -4 - -8. Suppose -3*c - t*z - 253 = z, -z + 459 = -5*c. Let h = 4 - c. Is h prime?
False
Suppose -63 = -4*n + h + 61, 0 = -n - 4*h + 14. Let g = n + 65. Is g a composite number?
True
Is 6 - (-5 - (-3 - 6940)*-2) prime?
False
Suppose -2*p + 1624 = -3*j, -p + 2*p + 4*j - 834 = 0. Is p a prime number?
False
Let d = -2448 + 4465. Is d a prime number?
True
Let q be (74 + -1)*(-1 + 2). Suppose -4*j - 21 + q = 0. Suppose -4*w + 0 = t - j, -2*w = 2*t - 26. Is t a composite number?
False
Let m(z) = 303*z + 0 + 3*z**2 - 307*z - 5. Let g(w) = -w**2 - 10*w - 3. Let v be g(-9). Is m(v) a composite number?
False
Is (-2)/(-4*(-12)/(-55992)) prime?
True
Suppose -3*j - 2*j + 5 = 0. Let g(m) = -3*m + j + m + m - 5*m. Is g(-2) composite?
False
Is (-640668)/(-42) + (-10)/(-2) composite?
False
Let i(k) = -141*k - 4. Let z be i(-3). Suppose -3*a + 2044 = -z. Is a a prime number?
True
Is (514029/(-102))/(-1*1/2) composite?
False
Let s be (0 - -2)/((-3)/(-6)). Suppose 0 = -q - a + 7, 19 = 3*q - 3*a + s. Suppose 2*x - 100 = q. Is x a prime number?
True
Suppose -2*i = -i - 5*n + 10, 0 = i + 4*n - 8. Suppose 2*l + 4*l = 3*l. Suppose -4*m + i*m + 356 = l. Is m prime?
True
Let o = 31 + -28. Let q be 26/6 + (-2)/(-3). Suppose 0 = -3*n - 3*f + 66, -q*f - 79 = -n - o*n. Is n a composite number?
True
Let z(r) = 45*r**2 - 8*r - 23. Let m be z(-9). Let t = -2 + 4. Suppose -t*p + m = 308. Is p prime?
True
Suppose 5 = x, 3*x + x = 4*o - 28464. Is o prime?
True
Suppose -3*c = -y + 91, 4*y + 2*c - 394 = -c. Is y composite?
False
Suppose 3*k - 2*m - 23 = 0, -2*k + 2*m - 6 = 6*m. Suppose -k*u + 2488 = -u. Is u a prime number?
False
Suppose -5*m = -31 + 6. Suppose 0 = 4*k + 2*y - 5912, -m*k = 4*y - 5*y - 7383. Is k a prime number?
False
Let i = -282 - -519. Suppose q - 316 = -3*q + 5*z, -2*z = -3*q + i. Is q a composite number?
False
Suppose 0 = 3*q + 4*l - 7189, -9584 = -4*q + l - 6*l. Is q composite?
True
Suppose -6*k + 10*k = 3*n + 62429, 15631 = k + 4*n. Is k a prime number?
False
Is -2 + 6/10 + (-161704)/(-85) prime?
True
Let h(d) = -d**2 + 2*d + 2. Let q(j) = -j**2 - 15*j - 10. Let z be q(-14). Let i be h(z). Is (2 - 36)*21/i prime?
False
Let g = -10 + 14. Suppose -3157 = -g*m + 7671. Is m a composite number?
False
Let d(a) = 666*a**2 - 7*a - 8. Is d(-3) a prime number?
True
Suppose 3636 = 5*j - 52279. Is j a prime number?
False
Suppose -m - 4*w + 174 = 0, 4*m - 237 = -4*w + 495. Let z = m - -145. Is z prime?
True
Is ((-78)/(-30) - 3)/((-10)/4775) a composite number?
False
Let h(m) = -m**2 - 21*m + 23. Let f be h(-17). Suppose -d = 4*q - f, 1 = 5*d + 26. Suppose 103 = c - q. Is c prime?
True
Let r(d) = d. Let j(x) = -25*x + 4. Let n(w) = j(w) - 2*r(w). Is n(-15) composite?
False
Let q = -4950 + 11161. Is q a composite number?
False
Suppose s = -3*z + 2, s - 5*z = -3*s - 43. Let o = s + -11. Let w = 15 - o. Is w a composite number?
True
Suppose 2 = -5*j + 4*p + 18, 0 = -p + 1. Is (8602/j - 2)/(2/4) a prime number?
True
Let k(r) = -148*r - 9. Let j = 7 - 13. Let i be k(j). Suppose -5*p + 1895 = -3*t + 430, 3*p + 3*t - i = 0. Is p a composite number?
False
Let c be 11/(33/(-6)) + 19. Let d = 334 - c. Is d composite?
False
Suppose 20 = 2*y + 2*b, 4*y + 2 = 3*b + 7. Let u(v) = -5*v**3 - 6*v + 4*v**3 + 12*v**2 + 2 - 1. Is u(y) a composite number?
True
Suppose -5*d - 4*c + 100043 = 0, -61756 = -5*d + 4*c + 38311. Is d a composite number?
False
Let u(w) = -23*w - 2. Let a be u(2). Suppose -4*o - 4*x + 2*x + 84 = 0, 5*o - 115 = -5*x. Let i = o - a. Is i composite?
False
Suppose 9*c + g + 1 = 4*c, 4*g + 4 = 4*c. Suppose c = 3*w + 36 - 2625. Is w a composite number?
False
Let p = 2 - 0. Let c(o) = -7*o**3 - 5*o + 3 - 4*o**p + 2*o**3 + 4*o**3. Is c(-5) composite?
False
Let b = 51 - 49. Suppose -4*u - k = -1690, 0 = 3*u - 4*k + b*k - 1262. Is u a composite number?
True
Let s = -7498 + 12725. Is s a composite number?
False
Let u = 3955 + 2644. Is u a composite number?
False
Let t = -49 - -71. Let x be 2 - -6*(-11)/(-2). Let j = t + x. Is j a composite number?
True
Let w(u) = -u**3 + 16*u**2 + 18*u - 14. Let h be w(17). Suppose -2*b - c + 255 = 0, -2*c = 5*b - h*c - 634. Is b prime?
True
Let h = 12 + -9. Let x(u) = 4*u - 1. Is x(h) a prime number?
True
Let x(d) = -d**3 + 59*d**2 + 33*d - 224. Is x(25) prime?
True
Let f(g) = 51*g**2 + 13*g + 23. Is f(-19) composite?
True
Let t = 519 - 84. Suppose 3*f - t = -2*f. Is f composite?
True
Is (1/1)/((-19)/(-456551)) a prime number?
True
Suppose -d = -v - 1, -30 + 5 = 5*v + 5*d. Let n be (-1)/v - 602/(-21). Is (-1 - 1)*n*-1 a prime number?
False
Is (-45 + (-8)/4)*-79 composite?
True
Suppose 30823 = 32*g - 529273. Is g composite?
True
Let i be -1 + 3370 - 8*(-2)/(-4). Let k = i - 1928. Is k a prime number?
False
Let j = 33 + -22. Let t(q) = -q**3 + 10*q**2 - 15*q - 11. Let h be t(j). Let v = h - -518. Is v a prime number?
False
Suppose 16106 = 8*h - 28326. Is h a prime number?
False
Let b(n) = 33*n + 3 - 3 - 32*n - n**2. Let x be b(0). Is 55*(x/2 + 1) composite?
True
Let k(w) = 70*w + 4. Let o be k(4). Suppose 0 = -b - 0*b - j + 94, -3*b - j = -o. Let u = b - -108. Is u prime?
False
Is -3*(14629 + -8)/(0 + -3) a prime number?
True
Suppose -13442 - 20666 = -4*q. Is q a prime number?
True
Let k(v) = -23*v**2 + 37*v - 35. Let c(j) = 11*j**2 - 19*j + 17. Let b(h) = 13*c(h) + 6*k(h). Is b(20) prime?
True
Let v(n) = 62*n**2 - 15*n - 26. Let o = -13 + 16. Let a(m) = -21*m**2 + 5*m + 9. Let y(b) = o*v(b) + 8*a(b). Is y(-5) composite?
True
Let z be 2 - (-1 + 3)*2*5. Is 3777/(-4*z/24) a composite number?
False
Suppose 107*f - 99*f = 29096. Is f prime?
True
Let a(p) = -9*p + 3. Let n be a(1). Let z(v) = -3*v**2 + 13*v**2 - 16 + 23 + 4*v + v**3. Is z(n) prime?
True
Let o(k) = -439*k - 3. Let y(g) = -878*g - 7. Let f(z) = 5*o(z) - 2*y(z). Is f(-2) a composite number?
False
Let g(a) = a**2 - a - 2. Let r be g(2). Let u(d) = -2*d**3 + d**2 - d + 4265. Is u(r) prime?
False
Suppose i = -572 + 1612. Suppose 8*a + 8 - i = 0. Is a prime?
False
Suppose -74660 = 18*z - 28*z. Is z prime?
False
Let n(g) be the second derivative of 5*g**4/4 + 5*g**3/3 - 6*g**2 - 2*g. Is n(7) composite?
True
Let p(s) be the first derivative of 14*s**3/3 - 2*s**2 - 5*s + 9. Is p(-11) prime?
True
Suppose 614 = h - 355. Suppose 0 = 22*w - 19*w - h. Is w composite?
True
Let v = -416 - -865. Suppose 3*r - 34 = v. Is r composite?
True
Let t be (211/(-3))/(2/(-6)). Let y(l) = -6*l**3 - 2*l**2 + 6*l - 1. Let b be y(-3). Let z = t - b. Is z a prime number?
False
Suppose -4654 = -5*r + 4106. Su